 62*q**2 - 87*q - 19. Determine a(-10).
3051
Let u(i) = -10*i**3 + 79*i**2 + 211*i + 27. What is u(10)?
37
Let u(l) = -l**3 + 100*l**2 + 105*l + 10082. Give u(102).
-16
Let w(p) = -2*p**3 - 20*p**2 + 373*p + 3850. Calculate w(-11).
-11
Let w(p) = -425*p + 46220. Determine w(103).
2445
Let i(x) = 78*x**2 + 6*x + 6. What is i(1)?
90
Let r(o) = -67*o**2 - 1966*o - 7257. Calculate r(-25).
18
Let q(w) = 20481*w - 1966163. Calculate q(96).
13
Let r(s) = -468*s**2 - 65*s - 60. Calculate r(-1).
-463
Let a(u) = -u**2 - 84*u - 866. What is a(0)?
-866
Let j(a) = -4*a**2 - 1911*a - 25974. Calculate j(-14).
-4
Let w(f) = -2417*f - 9556. Determine w(-4).
112
Let f(g) = 85270*g - 1023253. What is f(12)?
-13
Let w(t) = -32*t**3 - 786*t**2 + 308*t - 1049. Calculate w(-25).
1
Let d(t) = -3*t**3 + 145*t**2 + 62*t - 139. Calculate d(49).
-1903
Let s(p) = 3*p**3 + 22*p**2 + 3882*p + 19254. What is s(-5)?
19
Let t(u) = -3835*u + 249489. Calculate t(65).
214
Let m(x) = 115*x**2 - 14948*x - 885. Calculate m(130).
-625
Let f(u) = u**3 + 34*u**2 - 114*u - 5983. What is f(-15)?
2
Let o(j) = -19564*j + 39141. Give o(2).
13
Let w(i) = -3*i**2 - 403*i + 122782. What is w(146)?
-4
Let i(t) = -2551*t - 15520. Give i(-6).
-214
Let u(h) = -9*h**2 + 2495*h + 4449. What is u(279)?
-15
Let x(a) = -1854*a + 1016004. Calculate x(548).
12
Let x(f) = -12*f**3 + 3*f**2 + 489*f - 1001. Determine x(2).
-107
Let g(t) = 9*t**2 - 167*t + 12. Calculate g(16).
-356
Let y(i) = 2*i**3 + 26*i**2 - 34*i - 28. Calculate y(-10).
912
Let c(d) = 9303*d - 23591. Give c(3).
4318
Let n(m) = 368*m**3 + 4*m**2 - 22*m - 38. Calculate n(-2).
-2922
Let v(q) = q**3 + 393*q**2 + 1544*q - 4643. Determine v(-389).
25
Let w(r) = 4*r**3 + 272*r**2 - 7363*r - 28427. Calculate w(-88).
-3
Let x(j) = -j**3 - 19*j**2 + 63*j - 46. What is x(-19)?
-1243
Let j(d) = 5*d**2 - 500*d - 16393. Determine j(-26).
-13
Let s(d) = 36843*d - 5821193. What is s(158)?
1
Let u(h) = -h**3 - 95*h**2 - 6*h - 619. What is u(-95)?
-49
Let y(o) = 20*o**2 + 12292*o + 36706. Calculate y(-3).
10
Let t(u) = -9*u**2 - 486*u + 25851. What is t(-87)?
12
Let h(b) = 3*b**2 + 392*b + 8387. What is h(-27)?
-10
Let n(j) = -111*j**2 + 1339*j - 5. Calculate n(12).
79
Let a(b) = -b**3 + 85*b**2 + 2631*b - 1160. What is a(109)?
475
Let d(o) = 2*o**3 + 443*o**2 + 217*o - 764. Give d(-221).
120
Let w(p) = -16977*p + 101889. Give w(6).
27
Let i(z) = 11*z**2 + 594*z + 3736. Calculate i(-48).
568
Let l(c) = c**3 - 136*c**2 - 2004*c + 56893. Calculate l(147).
4
Let g(a) = -85001*a + 765009. Calculate g(9).
0
Let o(w) = -16*w**2 + 1283*w - 2732. Determine o(78).
-2
Let t(l) = -16*l**3 + 721*l**2 - 61*l + 725. Give t(45).
5
Let l(d) = -2416*d - 2474. Give l(-1).
-58
Let f(g) = -4*g**2 - 591*g + 1810791. Give f(603).
-18
Let k(w) = -w**2 + 53*w + 676. Give k(-31).
-1928
Let i(p) = -p**3 - 86*p**2 - 1728*p + 2006. What is i(-35)?
11
Let n(p) = 5*p**3 - 37*p**2 - 180*p + 22. Give n(-5).
-628
Let u(v) = -16*v**3 + 11*v**2 + 376*v + 364. Give u(-1).
15
Let n(z) = 6083*z + 30486. Calculate n(-5).
71
Let v(b) = 45*b**2 + 6369*b + 501. What is v(-141)?
-2883
Let u(h) = 3507*h**2 - 49100*h + 1. Give u(14).
-27
Let g(l) = l**3 - 3*l**2 + 8481*l - 163. Calculate g(0).
-163
Let h(b) = b**2 - 41738*b - 1044081. Calculate h(-25).
-6
Let q(y) = 927*y - 9217. Give q(10).
53
Let c(u) = -3760*u + 3168. Determine c(2).
-4352
Let z(q) = -3450*q + 376046. Give z(109).
-4
Let x(m) = 3*m**3 + 45*m**2 - 185*m - 26. Give x(4).
146
Let n(y) = -y**2 - 24719*y - 3221000. Give n(-131).
28
Let d(o) = -o**3 + 45*o**2 + 1454*o - 124. Give d(-22).
316
Let v(d) = 34*d**2 - 4485*d - 428. Determine v(132).
-32
Let j(d) = -224952*d + 2024559. What is j(9)?
-9
Let h(r) = 10*r**3 + 1700*r**2 + 584*r + 99375. What is h(-170)?
95
Let y(r) = -567*r + 33187. Determine y(61).
-1400
Let s(z) = -3*z**3 + 5*z**2 + 900*z - 5308. Calculate s(6).
-376
Let p(v) = -v**3 - 47*v**2 + 240*v + 95. Give p(5).
-5
Let i(l) = -l**2 + 202*l + 2267. What is i(213)?
-76
Let w(o) = 2215*o**2 + 2233*o - 1. Give w(-1).
-19
Let g(h) = -1737*h - 15559. Calculate g(-9).
74
Let g(j) = j**2 - 361*j + 7779. Give g(23).
5
Let c(t) = 459*t**3 + 19*t**2 - 24*t + 4. What is c(1)?
458
Let r(z) = 4*z**3 - 93*z**2 + 412*z + 15. What is r(17)?
-206
Let n(z) = 3*z**2 - 161*z - 5083. Calculate n(76).
9
Let k(b) = -b**3 - 8*b**2 - 62*b - 150. Calculate k(-3).
-9
Let p(x) = x**3 - 95*x**2 + 624*x + 702. What is p(88)?
1406
Let g(o) = -838*o - 9814. Give g(-10).
-1434
Let q(l) = -l**3 + 158*l**2 + 55259*l + 1315. What is q(327)?
7
Let q(b) = -3*b**3 - 122*b**2 - 444*b - 22. Calculate q(-4).
-6
Let z(i) = 7*i**2 - 1930*i - 2399. What is z(277)?
94
Let j(v) = -1128*v + 25692. Determine j(23).
-252
Let x(j) = -2*j**2 + 110*j - 1886. Give x(26).
-378
Let z(p) = 8*p**2 + 1482*p - 4127. Determine z(-188).
9
Let f(v) = -5*v**3 + 2*v**2 - 66*v + 99. Give f(5).
-806
Let v(c) = 2*c**3 - 16*c**2 - 4216*c + 29569. What is v(7)?
-41
Let d(x) = 298*x - 88415. What is d(296)?
-207
Let y(m) = 5*m**3 - 11*m**2 - 35*m - 47. What is y(7)?
884
Let d(w) = -3*w**2 - 470*w - 3225. Give d(-7).
-82
Let c(g) = g**3 + 32*g**2 - 118*g - 1186. Determine c(-35).
-731
Let o(l) = -l**3 + 7888*l**2 + 468871*l - 79. What is o(-59)?
39
Let u(h) = -686*h**3 - 4*h**2 + 39*h - 37. Determine u(1).
-688
Let q(n) = 2*n**3 + 87*n**2 - 51*n - 530. Give q(-44).
-222
Let c(z) = -464*z + 737. Determine c(3).
-655
Let a(i) = 3*i**3 + 9*i**2 + 16*i + 14. What is a(-6)?
-406
Let z(a) = 54*a**2 + 12155*a + 1123. Calculate z(-225).
-2
Let q(k) = -182*k + 14439. Calculate q(76).
607
Let k(n) = -13*n**2 - 1381*n + 15107. Give k(10).
-3
Let k(d) = -445*d + 10170. Give k(21).
825
Let w(o) = -o**2 - 370*o - 32450. What is w(-142)?
-74
Let x(d) = d**3 - 6*d**2 - 56*d + 21. What is x(-5)?
26
Let l(p) = p**3 - 12*p**2 - 57*p + 297. Calculate l(15).
117
Let m(c) = -c**2 + 3537*c - 143345. Give m(41).
-9
Let s(m) = -126486*m + 4174106. Calculate s(33).
68
Let f(r) = -r**3 + 61*r**2 - 369*r + 14798. Determine f(59).
-11
Let c(z) = -90*z**3 - 4*z**2 - 450*z - 448. What is c(-1)?
88
Let g(o) = -209*o - 94. Calculate g(-4).
742
Let p(n) = -n**3 - 65*n**2 + 118*n + 18863. Determine p(-62).
15
Let n(t) = -479*t**2 - 26811*t + 724. What is n(-56)?
-4
Let p(o) = -o**3 + 482*o**2 + 1936*o + 15. Calculate p(-4).
47
Let o(l) = -3*l**3 - 4*l**2 - 6*l - 14. Calculate o(-8).
1314
Let f(v) = -1424*v + 216459. Determine f(152).
11
Let t(j) = 3*j**2 + 2549*j + 140012. Determine t(-59).
64
Let h(l) = l**3 - 9*l**2 - 16237*l - 46. Determine h(132).
-178
Let v(n) = 5*n**2 + 306*n + 1308. Give v(-62).
1556
Let o(q) = -3512234*q - 45659041. Determine o(-13).
1
Let f(p) = -3099*p + 79001. Give f(25).
1526
Let k(f) = f**2 - 13778*f - 179219. What is k(-13)?
64
Let z(o) = o**3 + 15*o**2 - 165*o - 1559. Calculate z(-19).
132
Let j(v) = v**2 - 255*v - 6863. What is j(281)?
443
Let m(s) = -15591*s - 155895. What is m(-10)?
15
Let g(w) = -4595*w + 91871. Determine g(20).
-29
Let g(i) = i**2 + 132*i + 735. Give g(-128).
223
Let s(j) = -j**3 + 71*j**2 - 965*j - 23. What is s(17)?
-822
Let d(g) = 23*g**3 - 698*g**2 + 231*g + 286. Determine d(30).
16
Let q(d) = -398*d**3 - 20*d**2 - 42*d - 28. Determine q(-2).
3160
Let d(r) = 5*r**2 - 585*r + 40. Give d(114).
-1670
Let c(q) = -q**2 + 492*q - 55601. Give c(175).
-126
Let y(z) = -873*z - 17293. Calculate y(-20).
167
Let b(h) = 947*h**2 + 19876*h + 19879. Calculate b(-1).
950
Let z(b) = 2*b**3 - 20*b**2 + 21*b - 312. Determine z(11).
161
Let d(f) = -7*f**2 - 633*f + 667. What is d(-91)?
303
Let a(o) = -4*o**3 - 563*o**2 - 1486*o + 4415. Determine a(-138).
-1
Let o(v) = 52*v**2 - 2719*v + 15040. What is o(46)?
-2
Let c(x) = 16*x**2 - 769*x + 7680. Determine c(10).
1590
Let i(p) = 11*p**3 - 101*p**2 + 14*p + 123. Determine i(9).
87
Let u(v) = 16677*v + 250159. Determine u(-15).
4
Let b(t) = 259*t - 68156. Calculate b(262).
-298
Let i(o) = -14*o**2 - 440*o + 2181. Give i(5).
-369
Let b(y) = -242*y**2 - 4290*y + 1207. Determine b(-18).
19
Let b(i) = -2*i**2 + 4708*i - 60847. Give b(13).
19
Let v(u) = u**2 - 1494*u - 9147. Calculate v(-6).
-147
Let n(b) = 4*b**2 - 8296*b - 24916. What is n(-3)?
8
Let f(n) = -n**2 + 10394*n + 83307. Calculate f(-8).
91
Let v(f) = -42242*f + 760319. Give v(18).